7. Let r be 1/(b/4) - -14. Let n be (1 - (5 - 135)) + 2/2. What is the greatest common divisor of n and r?
12
Let j(s) = -2*s. Let r be (-7)/21 + (-34)/6. Let g be j(r). Let p(q) = 7*q - 4. Let t be p(g). What is the greatest common divisor of 32 and t?
16
Let c = -855 - -1362. What is the highest common divisor of c and 156?
39
Let p(v) = -v**2 + 6*v + 12. Let r be p(7). Suppose 4*a - 2*m - 8 = 0, 8 + 28 = r*a + 4*m. Calculate the greatest common factor of a and 8.
4
Let l = 9 - 6. Suppose -4*t + 12 = 0, -g - l*t + 11 = -t. Suppose -3*n = 4*a - 6*n - 56, -2*a + 14 = -g*n. What is the greatest common divisor of a and 102?
17
Let x(u) = -279*u - 116. Let z be x(-2). Calculate the greatest common divisor of z and 34.
34
Let v(o) = -2*o**3 + 3*o**2 - 5*o + 3. Let m be v(5). Let p = m + 417. What is the greatest common divisor of 22 and p?
22
Let b = -1062 + 2034. Calculate the greatest common divisor of b and 12.
12
Suppose -17 + 6 = -h. Let k = 94 - 6. What is the greatest common divisor of h and k?
11
Suppose 0 = -3*y + 5 + 280. Calculate the highest common divisor of 19 and y.
19
Let o be ((-20)/(-15))/((-1)/(-9)). Let y = -1 + 4. Suppose 2*b - 22 = 5*q - q, -3*b - o = y*q. What is the highest common factor of 1 and b?
1
Let t(r) = r - 3. Let s be t(4). Let l = -51 - -23. Let j = -19 - l. Calculate the highest common divisor of s and j.
1
Suppose 0 = -3*k + 3*x + 561, 0 = -2*k - 4*x - 102 + 458. Calculate the greatest common factor of k and 48.
8
Let m = -366 - -377. What is the greatest common factor of 352 and m?
11
Let l be -8*(2 + 0)*-1. Let r be 2/7 - (4 + (-477)/21). Suppose 2*x = a + r, x - l = -2*x + 4*a. What is the greatest common divisor of 108 and x?
12
Let m(z) = -z**3 - 15*z**2 - 24*z + 32. Let j be m(-13). Let r(k) = 9*k - 9. Let i be r(7). Calculate the highest common divisor of i and j.
6
Let h = -1554 + 1564. What is the highest common factor of 1950 and h?
10
Let j be -3 + (-2)/(-2)*(-385)/(-11). Calculate the highest common divisor of 40 and j.
8
Let i(n) = n**2 + 6*n. Let j be i(-5). Let s = 22 + -10. Let h = s + j. Calculate the greatest common factor of h and 21.
7
Let y(l) = l**2 - 4*l - 3. Let b be y(5). Let a(t) = t**3 - 31*t**2 + 54*t + 121. Let c be a(29). What is the greatest common factor of b and c?
1
Suppose -5*m + 12 = -18. Suppose -10*k + 32 = 2. What is the highest common divisor of k and m?
3
Let d(b) = 79*b**2 + 2*b - 6. Let q be d(-2). Suppose 136 = 4*i - 4*v, 0*v = -3*i - 4*v + 102. Calculate the highest common factor of q and i.
34
Suppose 5 = -5*h, 12*t + 4*h - 51 = 7*t. Calculate the greatest common divisor of 176 and t.
11
Let t = 30 - 26. Suppose t*c + 2*c = 504. What is the greatest common divisor of 12 and c?
12
Let k(v) = -28*v - 7. Let n be k(1). Let h = 87 + n. Calculate the highest common divisor of 26 and h.
26
Let c = -4 + 148. Calculate the greatest common factor of c and 81.
9
Let b(q) = q**3 - 11*q**2 + 12*q - 12. Let i be b(10). Suppose -3*t = -i - 28. Calculate the highest common divisor of t and 60.
12
Suppose 5*h = -3*n + 360, 2*h = 5*n - 605 - 26. Suppose -n = -o - a, 2*o + 3*a - 62 = 187. What is the greatest common factor of o and 28?
14
Let p(i) = 11*i - 5. Let g be p(7). Let r = -8 - -13. Suppose -r*v - 2*o + 104 = 0, 0 = 4*v - 2*o - g - 4. Calculate the greatest common factor of 30 and v.
10
Let h(p) = 5*p**2 - 6*p + 8. Let s be h(4). Let i = -65 + 73. What is the highest common divisor of i and s?
8
Let a(c) = -3*c**3 + 4*c**2 + 41*c - 6. Let r be a(-5). Calculate the greatest common divisor of r and 30.
6
Suppose 0 = 19*v - 241 - 234. Calculate the greatest common divisor of v and 5.
5
Suppose -2*r = -r + 2*i - 18, i = 2*r - 21. Suppose -r*q + 1330 = 7*q. Calculate the highest common factor of q and 40.
10
Suppose -3*t - t = -4. Let b be (t*548)/(-6 - -8). Let u be b*4/8 + -1. What is the highest common divisor of u and 17?
17
Suppose 26*a + 99 = 35*a. Calculate the highest common factor of a and 198.
11
Suppose -3*t - 23 = -152. What is the highest common factor of 2 and t?
1
Suppose 45 = -2*s + 7*s. Let r(n) = n**2 + 2*n + 1. Let i be r(-2). Let b = 7 - i. What is the greatest common divisor of b and s?
3
Suppose -30*y + 45 = -225. Calculate the greatest common factor of 423 and y.
9
Let s be ((-6)/(-5))/(6/60). Let i(n) = n**3 + 3*n**2 - 4*n. Let z be i(4). Suppose -2*l = 2*l - z. What is the highest common divisor of s and l?
12
Suppose o - 3 = 0, -2*h - 2*o - 431 + 1391 = 0. Calculate the greatest common divisor of h and 6.
3
Let u(h) = -60*h. Let n be u(-4). Suppose -3*t - n = -5*t. Suppose -4*p = -p - t. What is the highest common divisor of p and 16?
8
Let g = 783 - 755. Calculate the highest common factor of 1 and g.
1
Let y(d) = -d - 3. Let n be y(-13). Let a = -62 - -112. Calculate the greatest common divisor of a and n.
10
Let k be -3*((-14)/(-6) - 2) + 13. What is the greatest common divisor of 192 and k?
12
Suppose -2*f + 7*f = -155. Let s = 34 + f. What is the highest common divisor of s and 27?
3
Let r = 3 + 29. Let l = -126 + 193. Let h = l + -35. Calculate the highest common factor of h and r.
32
Let p(m) = 34*m**2 + m. Let b be p(1). Let o(d) = -9*d**3 + d**2. Let l be o(-1). Suppose 46 = 4*f - l. What is the greatest common divisor of f and b?
7
Let t be 5/((-15)/(-228)) - 0. Suppose 0*j - 4*j = -t. Let u = j - 5. Calculate the highest common factor of u and 14.
14
Suppose a + 4*u = 72, 5*a - 4*u = -0*u + 264. Let k = 76 - a. What is the highest common divisor of k and 4?
4
Let o be (2/2)/(5/340). Suppose 3*j + 0*j - 2*n - o = 0, -2*j = -n - 46. What is the greatest common divisor of j and 32?
8
Let g(v) = 10*v + 155. Let t be g(-14). What is the greatest common factor of 405 and t?
15
Let o = 643 - 605. Calculate the highest common divisor of o and 38.
38
Let k be (-5 - -2)*(-3 + (-124)/12). Suppose -5*i = a - 70, 5*a + k = 3*i - 2*i. What is the greatest common divisor of 45 and i?
15
Let n be (-28)/(-21)*9/4. Let y be (-2 - n)/(2 - 7). What is the greatest common factor of 5 and y?
1
Let k be (1 - 39/(-6)) + 33/(-22). Let y be 2/2 - 0/k. What is the highest common divisor of 17 and y?
1
Suppose 313*k + r + 10858 = 317*k, -5*r + 10 = 0. Calculate the greatest common divisor of k and 15.
15
Let x = -1 + 3. Suppose -5*j + 2*u + 79 = 0, 0 = -x*j - u + 3*u + 34. What is the highest common divisor of 5 and j?
5
Let a = -76 + 92. Calculate the highest common factor of 1 and a.
1
Let d(k) = 172*k + 16. Let s be d(4). What is the greatest common factor of 96 and s?
32
Let v(z) = -5*z + 3. Let g be v(-3). Let y(p) = -p + 38. Let k be y(g). Calculate the greatest common factor of k and 140.
20
Let m = 10 + 14. Let w be ((-2)/(-4))/(-1 - 194/(-192)). Suppose 5*l - l - w = 0. Calculate the highest common factor of m and l.
12
Suppose 0 = 13*l - 14*l + 5. Let m be ((-53)/2)/((-1)/(-2)). Let o = 98 + m. Calculate the greatest common factor of o and l.
5
Let d(x) = x**3 + 6*x**2 - x - 5. Let j be d(-6). Suppose 3*o = 2 + j. Let y = 0 + o. What is the greatest common factor of 1 and y?
1
Suppose -2*x + 2*a = -232, -19*a = -x - 22*a + 116. What is the highest common factor of x and 58?
58
Let o be ((-40)/(-12))/(6/((-180)/(-5))). Calculate the highest common factor of o and 700.
20
Suppose -75 = -2*h - 3*h. Let s(l) = 5*l**2 + 14*l + 9. Let t be s(-6). Calculate the highest common factor of t and h.
15
Let l = -44 - -86. What is the greatest common factor of l and 7?
7
Suppose -p + 5*p - 32 = 0. Let t = -21 + 24. Let d be -10*(-2)/3*t. Calculate the highest common divisor of p and d.
4
Let o = -129 - -138. Let k(s) = 12*s. Let j be k(3). Calculate the highest common divisor of o and j.
9
Let a be 1*(-3 + 0)/(-3). Suppose -4 = 2*n, 3*l = -l + 2*n + 148. Suppose -3*r + l = r. What is the highest common factor of r and a?
1
Let l(y) = 26*y**2 - 6*y + 16. Let v be l(2). What is the highest common factor of v and 48?
12
Let k(o) = o**3 + 14*o**2 - 15*o + 15. Let m be k(-15). What is the greatest common factor of 210 and m?
15
Let i(t) = -21*t - 98. Let a be i(-12). What is the highest common divisor of 77 and a?
77
Let o = -21 + 26. Suppose -o*l + 34 = 2*j, l - 2*l = 3*j - 25. What is the highest common factor of j and 63?
7
Let l be (-13734)/(-315) - 2/(-5). What is the h